the greatest common factor of 13 and y?
13
Let s be 2/7 + -5*(-8)/(-140). Suppose s = 21*z - 16*z - 450. Suppose 3*x = 5*u - 82, -5*u + 7*x = 2*x - z. Calculate the highest common factor of u and 14.
14
Suppose -w - 2499 = -4*w. Suppose -7*z + 1855 = -w. Suppose y = 14 + 34. What is the highest common divisor of y and z?
48
Let a = 15796 - 15792. Calculate the highest common divisor of a and 43.
1
Let n = -11 - -15. Suppose c - n*c - 2*m = -152, -2*c = -2*m - 88. Calculate the greatest common divisor of 624 and c.
48
Let r(k) = 20*k + 14. Suppose -d - 2 = 3, 0 = 5*y + 5*d - 40. Let b = 20 - y. Let c be r(b). What is the highest common divisor of 14 and c?
14
Let p(c) = c**3 + 13*c**2 + c + 13. Let k be p(-13). Suppose k = 93*s - 94*s + 810. Calculate the highest common factor of s and 30.
30
Let l = 8 + 0. Let q(m) = -2*m**2 - 33*m - 12. Let o be q(-16). What is the highest common divisor of l and o?
4
Let c be (-342)/38 + (-25806)/(-6). What is the highest common divisor of 348 and c?
116
Suppose 0 = -5*g - 360*h + 356*h + 346, -5*g + 355 = -5*h. Calculate the greatest common divisor of g and 2670.
10
Let d be ((68796/(-105))/63)/((-2)/30). What is the greatest common factor of 624 and d?
156
Let i = 172 + -148. Let p be 18/(6/132*11). What is the highest common divisor of p and i?
12
Suppose -y - 4*y + 87210 = -4*n, 0 = -4*n. Suppose 12*q + 7*q = y. What is the greatest common divisor of q and 34?
34
Let t = 2623 + -2607. What is the greatest common divisor of t and 2728?
8
Suppose 0 = -128*w + 198*w - 2170. What is the greatest common divisor of 7223 and w?
31
Suppose 4*k = -2*o + 8, 5*k + 55 = 4*o + 52. Calculate the highest common divisor of 49 and k.
1
Let m(t) = t**3 - 29*t**2 + 95*t + 404. Let x be m(26). Suppose -3*p - 56 = -6*p - 2*a, 0 = -3*a + 3. Calculate the highest common divisor of x and p.
18
Let k be (16/40)/((-3)/30). Let q be -10 - k - -6 - -5. What is the highest common divisor of q and 30?
5
Let u = 43284 - 43089. Let t = -543 + 803. Calculate the highest common divisor of u and t.
65
Let w = 3000 + -1449. What is the greatest common divisor of 22 and w?
11
Let s(m) = -m**2 - 3*m - 2. Let o = -3 - -2. Let r be s(o). Suppose 4*l - 2*u - 80 = r, -2*u + 10 = 4*l - 86. What is the highest common divisor of 55 and l?
11
Suppose 11*j + 1801 = 360. Let h = j - -147. Calculate the highest common factor of h and 24.
8
Suppose 0 = -2*q - 3*y - 3, -3*q - 5 = -q + 5*y. Suppose b - 9 + 3 = q. Let r be (-2 + 2 + (-3)/b)*-2. Calculate the greatest common divisor of 1 and r.
1
Let w = -1575 - -921. Let d = -560 - w. What is the highest common divisor of 47 and d?
47
Suppose -2 = 2*h, -m + 3*h = -5 - 4. Calculate the greatest common factor of m and 22.
2
Let a be 3*(14 + -2 + -1). Let s = -58232 + 58331. Calculate the greatest common divisor of a and s.
33
Suppose 0 = 4*d - o + 4*o - 193, -3*d = -4*o - 176. Calculate the greatest common divisor of d and 5486.
26
Suppose 0 = -11*w + 188 + 109. Calculate the greatest common factor of 111 and w.
3
Let z be ((-8)/(-10))/((-3)/(-15)). Suppose z*h = 2*h + 190. Suppose -216 - 202 = -11*g. Calculate the highest common divisor of h and g.
19
Let s(t) = t**3 - 13*t**2 - 47*t - 18. Let a be s(16). Let k(u) = 3*u**2 - 7*u - 2. Let o be k(a). Calculate the highest common divisor of o and 128.
8
Suppose 1064*t = 390*t + 899790. What is the highest common factor of t and 10?
5
Let q = -253 + 130. Let i = q + 268. What is the highest common divisor of 29 and i?
29
Suppose -84*b + 86*b = 10. Suppose -3*t + 5*f - 5 = -337, b*f + 218 = 2*t. What is the highest common divisor of t and 190?
38
Suppose 219 = u - 83. Suppose -5*z - 3*c = 1 + u, 0 = -2*z - 4*c - 124. Let s = -53 - z. Calculate the highest common factor of 35 and s.
7
Let a be -1*(-16)/(-6)*-3. Let s be (-68)/(-2)*(-4 + 36/a). Suppose 33*r - 36*r + 561 = 0. Calculate the greatest common divisor of r and s.
17
Let u be (24/(-5) + -10)/(3/(-60)). What is the greatest common factor of u and 2738?
74
Suppose d - 2 - 7 = 0. Suppose 5*q - 655 = 450. Suppose -5*x - 8*r + 4*r + q = 0, -4*r - 94 = -2*x. What is the highest common factor of x and d?
9
Let s = 218 + -190. Let v be (-848)/(-14) + (-16)/s. What is the greatest common factor of v and 20?
20
Let i = -13750 + 15764. What is the greatest common factor of 418 and i?
38
Let u be (5 - -115)/(-5)*(-47 - -7). What is the greatest common factor of u and 300?
60
Let s be (-2 + 272)/(((-98)/1036)/(7/(-4))). What is the greatest common factor of 1332 and s?
333
Let z = 8690 - 8342. Calculate the highest common factor of z and 588.
12
Suppose -t - i - 7 = -38, 5*t - 146 = 4*i. What is the highest common factor of t and 705?
15
Let m(i) = i**2 + 2*i. Let b be m(-6). Suppose b*l = 29*l - 475. Calculate the highest common factor of l and 209.
19
Suppose -3*l + 175 = 7*f, 22*l + 2*f = 23*l - 28. What is the greatest common factor of l and 20076?
42
Let k be -15 + 17 + -1*5. Let j be (10 - 1) + k*(-11)/11. What is the greatest common factor of j and 54?
6
Let b(z) be the second derivative of -5/6*z**4 + 0 - 6*z**2 - 2*z + z**3 + 1/10*z**5. Let x be b(5). What is the highest common factor of 6 and x?
6
Suppose 0 = 12*u - 48 - 12. Suppose 0 = -u*p + 15, -d + 6*d - 4*p = 2068. Calculate the greatest common divisor of d and 13.
13
Let v = -9820 - -9988. Calculate the greatest common divisor of v and 462.
42
Let l(f) = -12*f - 353. Let b be l(-34). Calculate the highest common factor of b and 121.
11
Let o = 1 - 0. Let q = 0 + -2. Let v be 2 + 0 - o/q*0. What is the highest common factor of 1 and v?
1
Suppose 453 = 4*o + 3*d - 160, 4*d + 743 = 5*o. Suppose 19 + o = 2*h. Let s be 3 + 10 + -5 + 5 + 4. Calculate the highest common factor of h and s.
17
Let r(p) be the second derivative of p**4/6 - 17*p**3/3 - 9*p**2/2 - 2*p + 14. Let q be r(20). What is the highest common divisor of q and 6?
3
Suppose -196 = -14*t + 378. Suppose 39 = 2*l + v, 2*l - 13 = -4*v + t. What is the highest common factor of l and 187?
17
Let q be (13 + 95/(-10))*4. What is the highest common factor of 1631 and q?
7
Let s be (5 + 1)/(12 - 14). Let a = -3 - s. Let c be (0 + (24 - a))/((-42)/(-105)). What is the highest common factor of c and 12?
12
Let i be ((1124/(-3))/2)/((-12)/18). Suppose -i = -5*w + 4*r, -3*w + 203 - 28 = 4*r. Calculate the greatest common divisor of 133 and w.
19
Let w be 106/22 + (-8)/(-44). Suppose 4*a = 3*p - w - 1, p - 2 = 0. Suppose a*u = u + i - 117, -109 = -u - 5*i. Calculate the highest common factor of 17 and u.
17
Let y = 39 + -138. Let g be 80/(-6)*y/22. Let u be (-40)/g*(-1 - 2). Calculate the greatest common factor of u and 14.
2
Let a = -6 + 2. Let r(y) = -y + 42. Let p be r(a). Let x = p - 17. What is the highest common divisor of x and 145?
29
Let x = 152 + -116. Suppose -14*h = -5*h - x. What is the greatest common factor of 28 and h?
4
Suppose 27*p = 13*p - 126. Let g be (-3)/(-6)*4*(11 + p). Calculate the greatest common factor of g and 14.
2
Suppose -6 - 2 = -2*j - 3*f, -j = 4*f - 4. Suppose w + 5*u - 359 = 0, w - 6*u = -j*u + 380. Calculate the greatest common divisor of 34 and w.
34
Let b(c) = 2*c**2 + 62*c - 998. Let k be b(-43). What is the greatest common factor of k and 3604?
34
Suppose 2*c = m + 11 - 1, -4*c - m + 32 = 0. Let v = c + -3. Suppose 75 = v*w + w. Calculate the highest common factor of 45 and w.
15
Let k be (13 - -43) + 32/2. Calculate the highest common divisor of k and 162.
18
Let j(g) = -375*g - 2679. Let y be j(-10). Calculate the greatest common factor of y and 735.
21
Suppose -3*j + 24289 + 12964 = -q, -j - 2*q + 12420 = 0. What is the highest common divisor of 28 and j?
14
Let r = -34 - -25. Let j be -3*10/135 + (-65)/r. Let q be 2/j - 82/(-7). Calculate the greatest common divisor of q and 12.
12
Let i be 2272/(-6) + -2 - 84/(-126). Let o = i - -466. Let z be (-1 - -2)*(-2 - -45). Calculate the highest common factor of o and z.
43
Suppose -5*d + m = -8, 0 = 4*d - 5*m - 0 + 2. Let l be (0 - d)/(((-5)/10)/1). Suppose 209 + 187 = l*p. Calculate the highest common divisor of p and 11.
11
Let b be (-1128)/(-2632) - 3882/(-7). Calculate the greatest common factor of b and 1443.
111
Suppose -3*s = 15, 0 = -3*o - 3*s + 11 + 19. Suppose 4*r - 228 = 4*z, -6*z = r - 3*z - 45. Let x 